.
2, 7
Let r be 2/(-17) - (-252)/119. Let n(f) = f - 2*f + 5*f**2 - 4*f**r. What are the prime factors of n(6)?
2, 3, 5
Suppose 0 = -5*q + 4*u - 5, -19 = 4*q - 2*q - 5*u. Suppose 11 = q*j - 214. What are the prime factors of j?
3, 5
Let o(i) = -i**3 - 14*i**2 - 14*i - 12. Let u be o(-13). Let d be (21/35)/(u/(-5)). What are the prime factors of (-64)/d - (-2)/(-6)?
3, 7
Let j be (-24)/40 - (-697)/(-5). Let o = j + 227. Suppose 4*g + o = 7*g. What are the prime factors of g?
29
Let t be 3 + (0 - 0) + -3. Suppose -45 + t = -5*v. Suppose -4*h - 7 - v = 0, 5*w + 5*h = 150. What are the prime factors of w?
2, 17
Let v(q) = 3*q + 2. Let a be v(1). Suppose 4*h = a*d - d - 4, -2*h + 1 = -d. Suppose -87 = -d*n + 72. What are the prime factors of n?
53
Let r(k) = -k**2 + 5*k - 2. Let m be r(3). Let a = -50 - -58. Suppose i - a = -m*p, -5*i - 5*p + 0*p = -70. List the prime factors of i.
2
Let f(n) = 250*n - 7. Let a(z) = -z + 17. Let b be a(16). What are the prime factors of f(b)?
3
What are the prime factors of 65/390 - (5338/(-12))/1?
5, 89
Let r be (-16)/(-56) - (-47)/7. Suppose 2*b + 945 = r*b. Suppose -2*x + b = 5*x. What are the prime factors of x?
3
Suppose 0 = -5*c - 3*g + 45, 4*c - g + 2*g - 36 = 0. Let l be (11 - c)*7/2. Let d(o) = o**3 - 7*o**2 + 2*o - 5. List the prime factors of d(l).
3
Let f(o) = -o**2 - 26*o - 14. Let i = -27 - -9. List the prime factors of f(i).
2, 5, 13
Suppose 0 = -5*t - 2*y - 345 + 2246, -t + y + 383 = 0. List the prime factors of t.
3, 127
Suppose 6*f = 9 - 3. Let z(q) = 19*q - 4*q + 3*q. List the prime factors of z(f).
2, 3
Let i = 9 - 12. Let f be ((-8)/(-6))/((-2)/i). Suppose 0 = -2*m + 8, -f*u + 21 = -u - m. List the prime factors of u.
5
What are the prime factors of 380/(3 + 7 + -8)?
2, 5, 19
Let q = -1203 + 2165. What are the prime factors of q?
2, 13, 37
Let o = 465 + -82. Suppose -3*c + 2*q + 233 = 0, -6*q + o = 5*c - 4*q. List the prime factors of c.
7, 11
Let o(m) = 2*m**2 + 9*m + 4. Let u = 10 - 18. Let k be o(u). Suppose 5*c - 83 - k = 4*n, 12 = 4*n. What are the prime factors of c?
31
Let t(n) = -4*n - 37. Let g be t(-10). List the prime factors of ((-232)/6)/((-5)/g + 1).
2, 29
Let v = 8 + -8. Suppose v = -2*r - 15 + 237. What are the prime factors of r?
3, 37
Let x(u) = -u**2 + 4*u - 3. Let n be x(2). Suppose -y + 3*t - 5 = -n, 2*t = 2*y. Suppose r - 189 = -y*r. What are the prime factors of r?
3, 7
Let h = -336 + 913. What are the prime factors of h?
577
Let f(r) = -5*r - 11. Let h be f(-5). Let g = h - 16. List the prime factors of (1/g)/((-2)/16).
2
Suppose -3*r + f = -779, -5*r = -3*f - 2030 + 733. Suppose -2*w + 239 = q - 22, -w + r = q. What are the prime factors of q?
7, 37
Let m = -382 - -2985. What are the prime factors of m?
19, 137
Let h(r) = 2*r**3 - 4*r**2 + 10*r + 1. List the prime factors of h(6).
349
Suppose -4*j + 11*j = 0. Suppose j = -3*b - 43 - 5. List the prime factors of (-908)/(-16) - 4/b.
3, 19
Let l(y) = 221*y + 4. Let o(s) = 111*s + 2. Let b(h) = 6*l(h) - 13*o(h). What are the prime factors of b(-1)?
5, 23
Let p(c) = -205*c**3 + 2*c**2 + 2*c - 1. What are the prime factors of p(-1)?
2, 3, 17
Let a = 179 - 59. Let l = 274 - a. What are the prime factors of l?
2, 7, 11
Suppose 30*z - 71874 = -24*z. What are the prime factors of z?
11
Let i = 11 + -6. Suppose z - i = 18. What are the prime factors of z?
23
Let f = -903 + 1320. List the prime factors of f.
3, 139
Suppose 2*l + 8767 = 5*y, 4*y - 8*y + 7015 = -3*l. What are the prime factors of y?
1753
Suppose -13*w + 1254 = -8080. List the prime factors of w.
2, 359
Let d(o) = o - 13. Let f be d(19). Suppose -2*z - 196 = -3*l, 2*l - z = -f*z + 156. What are the prime factors of l?
2, 17
Let x(k) be the first derivative of -3*k + 11 + 2/3*k**3 - 1/2*k**2. What are the prime factors of x(3)?
2, 3
Suppose 2*k - 676 - 1438 = -5*r, -2*r - 5*k = -833. What are the prime factors of r?
2, 53
Let x = 6047 - 3096. What are the prime factors of x?
13, 227
Let z(p) = -p + 9. Let r be z(7). Suppose 0 = -4*c - 3*n + 58, c + r*n - 5 - 7 = 0. Suppose -c = -2*m + m. List the prime factors of m.
2
Suppose -4*m = -5*r + 39, 6*r - 36 = 4*m + 2*r. Let l be ((-6)/5)/(m/20). Suppose -l*f = -0*f - 60. List the prime factors of f.
3, 5
Let s(t) = -18*t - 56. Let j(w) = -13*w - 55. Let v(f) = -4*j(f) + 3*s(f). Let u = 0 - 0. What are the prime factors of v(u)?
2, 13
Suppose 4*v = 9*v - 10. What are the prime factors of (-8274)/(-54) + v/(-9)?
3, 17
Suppose 3*j = 11 + 1189. List the prime factors of j.
2, 5
Let r be (-6)/(-14) + (-344)/(-14). Let g = r + -2. What are the prime factors of g?
23
Let j(a) = 10*a**3 - 3*a**2 + a - 16. What are the prime factors of j(3)?
2, 5, 23
Suppose 0 = 4*z + z + q - 13, -4*z + 2*q = -16. Suppose -z*f + 404 = 170. Suppose -3*c + 2*k = -2 - f, 2*c - 3*k - 50 = 0. List the prime factors of c.
2, 7
Let k(d) = d - 8. Suppose 4*n - t = 40, -35 = -2*n - 3*t - 1. Let v be k(n). Suppose -2*r + 31 = 2*z + v, -2*r + 2*z + 24 = 0. List the prime factors of r.
13
Let a(d) = -d**3 + 6*d**2 - 7*d - 9. Let x be a(4). Let w(z) = z**3 + 5*z**2 - 3*z + 5. What are the prime factors of w(x)?
2, 5
Let t = 1552 - 943. List the prime factors of t.
3, 7, 29
Let p be (-2)/1*(-6 + (-1575)/14). Suppose -j = -2*a - 233, -8*j + 7*j - 2*a = -p. What are the prime factors of j?
5, 47
What are the prime factors of 2356 + (0 + 3)*1?
7, 337
Let r(q) = 6*q - 1. Let u be r(-4). Let d = -17 - u. List the prime factors of d/(-6)*14*-3.
2, 7
Let h(y) = -5183*y - 90. What are the prime factors of h(-1)?
11, 463
Suppose 38*i = 29*i + 3267. List the prime factors of i.
3, 11
Suppose -3*d - 25 = -2*a, -5*d + 4*a - 50 = -a. Let p be d/20 + (-26)/(-8). Suppose p*w - 15 = 90. What are the prime factors of w?
5, 7
Suppose 0*i + 2*i = 0. Suppose z - 4*z + 81 = i. What are the prime factors of z/18 + 9/2?
2, 3
Let t be 2/2*2 - 22. Let p = 30 - 33. List the prime factors of p/(-2) - 70/t.
5
Suppose 0 = -2*u + 5*d + 711, -d - 1 = 2. Suppose 4*s + 96 = u. What are the prime factors of s?
3, 7
What are the prime factors of 16*(7 + (-309)/(-12))?
2, 131
Let r = 2610 + -1526. What are the prime factors of r?
2, 271
Let y = -1163 + 1767. Suppose 0*f - 3*f = m - 110, -3*f - y = -5*m. List the prime factors of m.
7, 17
Let v = -24 - -23. What are the prime factors of 104 + (v - (-8 - -4))?
107
Suppose -5 = -4*r + 7. Suppose -r*l + 4*l = 74. List the prime factors of l.
2, 37
Let j(h) = -h + 1. Let g be j(-3). Suppose -5*t = g*t - 414. What are the prime factors of t?
2, 23
Let c(j) = 2*j**2 + 5*j - 6. Let k be c(-6). Let r = k + -24. List the prime factors of r.
2, 3
Let f = -5 - -8. Suppose 4*n + f = 11. Suppose n*m - 17 = m. What are the prime factors of m?
17
Let q(i) = -6*i + 4. Let o be q(-4). Suppose -4*m + o = -4*l, -3*l + 3*m + 15 = -6*l. List the prime factors of -9*3/l*2.
3
Let v(r) = 7*r**2 + 11*r + 6. Let q be v(-5). Let m = q + -84. What are the prime factors of m?
2, 3, 7
Let q(d) = d**2 - 2*d - 12. Suppose -8 = 4*j + 24. List the prime factors of q(j).
2, 17
Let z = -30 - -27. Suppose -4*s + 3 = -5*s. What are the prime factors of -27*6/s + z?
3, 17
Let s(l) = 3299*l**2 - 8*l + 8. List the prime factors of s(1).
3299
List the prime factors of 2 - (2 + -2) - (-2109)/19.
113
Suppose 5*l - 18*l + 2977 = 0. List the prime factors of l.
229
Suppose -5*x - 2*q + 11 = -5*q, 4*x + 2*q = 0. Let d be x + (-3 + 2)/(-1). Suppose -a = -c + 26, 3*a = d*c + 4*a - 40. What are the prime factors of c?
2, 11
Suppose 0 = 3*g - 9, -v = -g - 0*g - 7. Let r(f) = f**3 - 11*f**2 + 12*f - 8. List the prime factors of r(v).
2, 3
Let g = -100 - -76. List the prime factors of (g/30)/(6/(-1665)).
2, 3, 37
Let b = -3214 + 1474. Let h be (-3)/(-2)*b/9. What are the prime factors of 1/3 - h/30?
2, 5
Let f be 2199/(-21) - (-10)/(-35). Let v = f + 169. What are the prime factors of v?
2
What are the prime factors of (-1381 - -2)*(-9 - -8)?
7, 197
Let u(t) = -33 + 122 + 133 + 8*t + 31. List the prime factors of u(0).
11, 23
Suppose 7*r - 4*r = 15. Let j(b) = -b**2 + 5*b + 7. Let n be j(6). Suppose 3*z - 2*z + 3*c + n = 0, r*c + 1 = -2*z. What are the prime factors of z?
2
Suppose -62 = -3*w + w + 4*l, -12 = -4*l. Suppose -4*h + 169 = w. List the prime factors of h.
3, 11
Suppose -s + 0*s + 29 =